 factor of 179364 and 38?
2
What is the greatest common divisor of 16452 and 54?
18
What is the highest common divisor of 4002858 and 108?
54
Calculate the highest common factor of 211 and 1161133.
211
Calculate the highest common divisor of 34996 and 416.
52
What is the highest common factor of 1557 and 2277?
9
What is the greatest common factor of 16035 and 6750?
15
Calculate the greatest common divisor of 4521 and 87.
3
Calculate the highest common divisor of 9200 and 932650.
1150
Calculate the highest common factor of 486 and 3457647.
243
Calculate the highest common factor of 1145 and 40.
5
What is the greatest common factor of 27461 and 56?
7
Calculate the greatest common divisor of 5332026 and 79.
79
What is the highest common divisor of 442825 and 25?
25
What is the highest common factor of 35538 and 426?
6
What is the greatest common factor of 903 and 54696?
129
What is the greatest common divisor of 151866 and 156?
78
Calculate the highest common factor of 1267 and 2896.
181
What is the greatest common factor of 43483 and 946?
11
Calculate the greatest common divisor of 144 and 71352.
72
What is the greatest common divisor of 494 and 3914?
38
What is the highest common divisor of 247419 and 1486?
743
What is the highest common factor of 22388 and 928?
116
Calculate the highest common divisor of 465 and 1701435.
465
What is the highest common divisor of 32883 and 4074?
291
What is the highest common factor of 2277 and 825?
33
Calculate the highest common factor of 1207801 and 14.
7
What is the highest common divisor of 2750 and 22?
22
Calculate the greatest common divisor of 17952 and 1428.
204
What is the highest common divisor of 24 and 102840?
24
What is the greatest common factor of 531 and 1850181?
177
What is the greatest common factor of 50 and 176480?
10
What is the greatest common factor of 600 and 16050?
150
Calculate the highest common factor of 13628147 and 13.
13
Calculate the highest common divisor of 5586 and 13818.
294
Calculate the greatest common factor of 262509 and 27.
3
What is the highest common divisor of 240 and 215475?
15
What is the highest common factor of 2765392 and 112?
112
What is the greatest common factor of 1450 and 1080?
10
Calculate the greatest common factor of 65 and 3205.
5
What is the highest common divisor of 756 and 13212?
36
What is the highest common factor of 295052 and 3604?
68
What is the highest common factor of 114894 and 18?
18
What is the highest common divisor of 1738 and 6794?
158
What is the greatest common divisor of 39520 and 79648?
608
What is the highest common divisor of 6693573 and 303?
303
Calculate the highest common divisor of 5103 and 999945.
243
What is the highest common divisor of 12831 and 26649?
987
What is the greatest common factor of 8299 and 9071?
193
Calculate the highest common factor of 324 and 131058.
162
What is the greatest common factor of 58307 and 4981?
293
What is the highest common divisor of 3 and 97774?
1
What is the greatest common factor of 16071 and 1991?
11
What is the greatest common factor of 41782 and 156?
26
Calculate the highest common divisor of 16602 and 12.
6
What is the highest common factor of 59 and 73160?
59
What is the greatest common divisor of 1210 and 76560?
110
Calculate the highest common factor of 1022 and 282338.
14
What is the greatest common factor of 90174 and 79002?
798
What is the highest common factor of 17004 and 117?
39
Calculate the highest common factor of 510188 and 98.
98
What is the greatest common divisor of 325 and 91?
13
Calculate the greatest common divisor of 98520 and 960.
120
Calculate the highest common factor of 134827 and 238.
119
What is the greatest common divisor of 678 and 186?
6
Calculate the greatest common divisor of 117345 and 105.
15
Calculate the highest common divisor of 487055 and 319.
29
What is the greatest common divisor of 504 and 13203?
9
Calculate the greatest common divisor of 11172 and 48.
12
What is the greatest common divisor of 53196 and 297?
33
Calculate the highest common factor of 25 and 276125.
25
Calculate the greatest common factor of 60 and 1941.
3
Calculate the highest common factor of 44813 and 82.
41
Calculate the highest common factor of 7070 and 2140796.
1414
Calculate the highest common divisor of 144875 and 95.
95
Calculate the greatest common factor of 204 and 186864.
204
Calculate the greatest common factor of 6368 and 152.
8
What is the greatest common divisor of 7091 and 77?
7
Calculate the greatest common factor of 67468 and 808.
404
Calculate the highest common divisor of 1630 and 90.
10
Calculate the highest common divisor of 496 and 56265.
31
Calculate the greatest common factor of 2568 and 54249.
321
Calculate the greatest common factor of 1764 and 33278.
14
Calculate the highest common divisor of 15785224 and 14.
14
Calculate the highest common divisor of 40 and 53672.
8
What is the greatest common divisor of 254693 and 799?
47
What is the greatest common factor of 96 and 161844?
12
Calculate the highest common factor of 20032 and 7744.
64
What is the highest common divisor of 18493318 and 802?
802
What is the greatest common factor of 79 and 2?
1
What is the greatest common divisor of 100 and 2931050?
50
What is the highest common divisor of 162 and 2253942?
18
What is the highest common factor of 1017 and 30397?
113
Calculate the highest common factor of 11 and 10614054.
11
What is the greatest common factor of 592668 and 288?
36
What is the highest common divisor of 1344 and 210252?
84
Calculate the highest common factor of 19646 and 53251.
517
What is the greatest common factor of 10535 and 103390?
245
Calculate the greatest common divisor of 6825 and 11102.
91
What is the greatest common divisor of 134958 and 24?
6
Calculate the greatest common divisor of 738 and 24536286.
738
What is the greatest common factor of 2048 and 78592?
256
Calculate the greatest common factor of 18 and 432720.
18
Calculate the greatest common factor of 148 and 128205.
37
What is the highest common divisor of 10438 and 3264?
34
Calculate the highest common divisor of 262292 and 20.
4
What is the highest common factor of 93951 and 702?
117
What is the highest common divisor of 17515 and 49600?
155
What is the highest common divisor of 3 and 11901?
3
What is the greatest common factor of 282 and 1328878?
94
What is the highest common factor of 4024 and 12008?
8
Calculate the greatest common factor of 819 and 18963.
63
What is the highest common divisor of 572691 and 21?
21
What is the greatest common factor of 418 and 37886?
38
Calculate the greatest common factor of 610 and 8235.
305
Calculate the highest common divisor of 996365 and 2525.
505
What is the highest common divisor of 16 and 12544?
16
What is the greatest common factor of 730 and 42048?
146
What is the greatest common factor of 158250 and 150?
150
What is the greatest common factor of 95 and 1226811?
19
What is the highest common divisor of 31930 and 1854?
206
What is the highest common divisor of 3536 and 78013?
221
Calculate the greatest common divisor of 559047 and 2149.
307
What is the greatest common factor of 81827 and 940?
47
What is the highest common factor of 1360 and 41140?
340
What is the highest common divisor of 625 and 11675?
25
Calculate the greatest common factor of 1531324 and 76.
76
What is the highest common factor of 440591 and 323?
19
Calculate the highest common factor of 72009 and 648.
81
What is the greatest common divisor of 209 and 4161?
19
Calculate the highest common factor of 1701 and 13419.
189
Calculate the greatest common divisor of 18117 and 267058.
671
Calculate the highest common divisor of 311890 and 50.
10
What is the highest common factor of 105716 and 227240?
988
What is the greatest common factor of 7897 and 21571?
53
Calculate the greatest common divisor of 11975175 and 1017.
1017
What is the greatest common factor of 56548 and 9916?
268
Calculate the greatest common divisor of 323 and 18632.
17
What is the greatest common factor of 437 and 1153381?
23
Calculate the highest common divisor of 91 and 70343.
91
Calculate the highest common factor of 86 and 6685339.
43
Calculate the greatest common divisor of 114 and 205884.
114
Calculate the greatest common divisor of 279